ose -5*l + 3*m + 148 = 0, -3*l + 113 = 5*m + 31. Suppose 4*y - l = 39. Calculate the highest common divisor of z and y.
17
Let y(x) = -x**2 - 27*x - 44. Let b be y(-25). What is the greatest common divisor of 84 and b?
6
Suppose 1200 = 9*w - 978. Calculate the greatest common factor of 22 and w.
22
Let q(a) = -a**3 - a**2 - a + 3. Let c be q(0). Suppose 4*y - 2*v - 52 = c*v, -5*v - 70 = -5*y. What is the highest common divisor of 162 and y?
18
Let a be (1 - -3)*(-180)/(-8). Calculate the highest common divisor of 10 and a.
10
Suppose -29*s = -34*s + 660. Calculate the greatest common factor of s and 12.
12
Let q be (-979)/(-4) - 1/(-4). Suppose 2*r = 5*p + q, r - 5*p + 22 = 147. What is the highest common factor of 20 and r?
20
Let v = -40 + 57. What is the greatest common divisor of 119 and v?
17
Let u(w) = -w + 2. Let d be u(8). Let z be (40/d)/5*-9. Calculate the highest common divisor of z and 4.
4
Let i(a) = a**2 - 5*a - 7. Let o be i(-3). Let v be (-12)/(-3)*5 + -3. Calculate the highest common divisor of o and v.
17
Let m(n) = -n**2 - 4*n - 1. Let t be m(3). Let o be -3 - t*(1 - -2). Calculate the highest common factor of 9 and o.
9
Let h(r) = 16*r**2 - 15*r - 4*r**2 + r**3 + 14 - 4*r**3 + 4*r**3. Let n be h(-13). What is the greatest common divisor of n and 8?
8
Let u be (-3 - -3) + 25 + 1. Let b = -6 + u. Let i = -4 + b. What is the highest common divisor of i and 4?
4
Suppose 5*i - 180 = i. Let q(w) = -w**2 - 5*w + 6. Let t be q(-5). Suppose t*n = 3*n + 27. Calculate the highest common factor of i and n.
9
Suppose -6*v + 25 + 65 = 0. Calculate the highest common factor of v and 30.
15
Suppose 3*t - 212 = -y + 2*t, 2*t = 5*y - 1081. What is the greatest common factor of y and 43?
43
Let a = -34 - -100. Let k(g) = 5*g**3 + g**2. Let i be k(1). Calculate the greatest common divisor of a and i.
6
Let g be (1 - 3) + (2 - 0). Suppose -3*k = -g*k - 42. What is the greatest common factor of k and 21?
7
Let n = 29 - 15. Calculate the highest common divisor of 21 and n.
7
Let a be 21/(-3*2/(-12)). Let n(u) = u**2 + 2*u - 1. Let b be n(3). What is the greatest common divisor of b and a?
14
Let g = 3 - -1. Suppose g*a = -272 + 36. Let n = a + 83. Calculate the greatest common factor of n and 60.
12
Let f(c) = -c**3 - 10*c**2 - 8*c + 11. Let p = 9 + -18. Let r be f(p). Suppose 96 = 6*b - r*b. Calculate the greatest common factor of 8 and b.
8
Let c = -23 - -35. Let u(y) = 2*y**2 - 3*y - 5. Let p be u(-5). What is the greatest common factor of c and p?
12
Let x(l) = 4*l**2 - l - 6. Let t be x(-5). Calculate the highest common divisor of t and 11.
11
Suppose 5*d = -3*g + 640, 626 = 3*g + 2*d - 4*d. What is the greatest common divisor of 84 and g?
42
Suppose y - 4*f - 24 = 1, -f - 22 = -2*y. Let j(a) = -a**3 - 2*a**2. Let w be j(-3). Calculate the greatest common divisor of w and y.
9
Let t(f) be the second derivative of 5*f**3/6 + 5*f**2/2 + f. Let n be t(5). Calculate the greatest common divisor of 6 and n.
6
Let x = 4 - 3. Let g be (x - 0) + -1 - 0. Suppose g = -3*p, -4*t + 2*p = -0*p - 24. Calculate the highest common factor of 36 and t.
6
Let y be ((-6)/4)/((-1)/2). Suppose 58 = y*d + h, 4*h + 64 - 8 = 4*d. What is the greatest common divisor of 45 and d?
9
Let z be 18/4*(-36)/(-54). What is the highest common factor of z and 1?
1
Let n(y) = 7 + 6 - 6*y - 6 + 3*y**2. Let g be n(5). Let i = 94 - g. What is the greatest common factor of 14 and i?
14
Suppose -5*b = -3*n - 287, 0 = 4*b + 3*n - 8*n - 240. Let m = 78 - b. What is the greatest common divisor of m and 92?
23
Let w(f) = -f**3 - 5*f**2 - f + 1. Let g be w(-5). Let t be 32/g*3 + 4. Calculate the greatest common divisor of t and 220.
20
Suppose 2 - 5 = 3*l. Let x = l - 54. Let t be 2/11 + (-265)/x. Calculate the greatest common divisor of t and 55.
5
Suppose 8*s = 4*s + 48. Let d = 125 + -77. Calculate the highest common factor of s and d.
12
Let i be (-6)/(-10)*(-1 + 66). Suppose 4*t - 25 - 79 = 0. What is the greatest common factor of i and t?
13
Suppose m = 4*m. Suppose -3*a = m, 4*d - 5*a - 40 = -3*a. Let s(l) = l**3 + 2*l**2 - 2*l - 2. Let y be s(2). Calculate the greatest common factor of y and d.
10
Let y be 20/8*(-42)/(-5). What is the highest common divisor of 105 and y?
21
Let z = 80 - 55. Suppose 0 = -2*x - 80 + 380. What is the highest common factor of z and x?
25
Suppose -4*d - 5*i + 244 = 0, 2*i + 114 = 5*d - 224. Calculate the highest common divisor of d and 99.
33
Let b(s) = 2*s - 3. Let n be b(5). What is the highest common divisor of 7 and n?
7
Let k(x) = -x**3 - x**2 + x + 1. Let f be k(-2). Let g be 30*(5/(-2) + f). What is the greatest common factor of 15 and g?
15
Suppose -3*a = -8*a + 110. What is the greatest common divisor of 33 and a?
11
Let d(r) = -3*r + 3. Let x be d(-3). Suppose -9*l = -4*l - 5, 0 = -2*c + 2*l + 118. What is the greatest common factor of x and c?
12
Suppose -b - 5 = -68. Let m(r) = 4*r**2 - r - 1. Let o be m(-1). Suppose 0 = -4*c + o, 267 - b = 5*i + 4*c. Calculate the highest common divisor of 16 and i.
8
Let o(s) = -4*s - 4. Let j be 1/((4/3)/(-4)). Let p be o(j). What is the greatest common divisor of p and 56?
8
Let a be 3 - (-3 - -1 - 1). Let t(n) be the third derivative of -23*n**4/24 - n**3/2 - n**2. Let c be t(-3). What is the highest common divisor of c and a?
6
Suppose b + 19 = -4*p + 85, -4*b + 60 = 4*p. Let a = 35 - 18. Calculate the greatest common factor of a and p.
17
Let j(d) = -d**3 - 6*d**2 + 7*d + 5. Let h be j(-7). What is the highest common divisor of h and 55?
5
Suppose 2*i - 327 = 3*l, 0*l = -2*i - l + 331. Calculate the highest common divisor of i and 66.
33
Let y = -73 - -75. Calculate the highest common factor of y and 4.
2
Suppose -3*c - 5 = -38. Let u = -19 + 23. Suppose 0*i = u*i + 5*t - 357, 0 = t - 1. What is the highest common factor of c and i?
11
Let t be (32 - 4)*1 + (0 - 1). What is the greatest common factor of t and 108?
27
Suppose 526 = 10*v + 126. Calculate the greatest common factor of v and 8.
8
Let x be 78 - (-5 - (-12)/4). What is the greatest common divisor of 32 and x?
16
Suppose 7 = -j - 9. Let h = j + 28. What is the greatest common divisor of h and 18?
6
Let v be (-4)/(-28) + 543/21. Calculate the greatest common factor of v and 234.
26
Let i = 6 - -20. Let y be 2/((2/39)/2). Calculate the greatest common divisor of i and y.
26
Let j = -9 - -16. Calculate the highest common divisor of j and 63.
7
Suppose v + 10 = 15. What is the highest common divisor of 65 and v?
5
Suppose -3*b - 52 = 4*z, 2*b = z + 1 + 1. Let d(p) = p**3 + 11*p**2 + 10*p + 8. Let w be d(z). What is the greatest common factor of 64 and w?
8
Suppose -2*g - 3*h + 28 = 3*g, -h + 26 = 5*g. Calculate the greatest common divisor of g and 20.
5
Let r(w) = 9*w**2 - 6*w + 6. Let z be r(5). Let g = z - 65. Suppose 7 = 3*u - 44. Calculate the greatest common divisor of u and g.
17
Suppose 4*c + 80 = -v + 2*v, 4*v = -5*c - 79. Let l = 74 + c. Calculate the highest common factor of l and 11.
11
Suppose 2*l = -8*l + 70. What is the greatest common divisor of l and 28?
7
Suppose -b - 4*r - 18 = 0, 2*b + r + 1 = -0. Calculate the highest common divisor of b and 22.
2
Suppose 5*p = 3*f - 0*p - 31, 0 = -f - 2*p + 3. Suppose 2*m - 8 = 0, -9*d + 4*m + 19 = -4*d. Calculate the highest common divisor of d and f.
7
Suppose -40 = -4*t - t. Let r = -3 - -75. Calculate the highest common factor of r and t.
8
Suppose 7*l = 13*l - 180. What is the highest common divisor of 45 and l?
15
Let t = -11 + 4. Let m(g) = -5*g**2 - 6*g + 7. Let r be m(t). Let q = 294 + r. What is the greatest common divisor of q and 14?
14
Suppose 0 = 2*g - 23 + 7. What is the highest common factor of g and 1?
1
Let i = 94 - 92. What is the greatest common divisor of 7 and i?
1
Let d = -83 + 219. What is the highest common divisor of d and 17?
17
Let p(g) = g**2 - 2*g + 1. Let k be p(5). Calculate the highest common divisor of 48 and k.
16
Let u(i) = 7*i**3 + i**2 - i - 6. Let c(l) = 6*l**3 + l**2 - 5. Let t(j) = 4*c(j) - 3*u(j). Let m be t(2). What is the highest common divisor of m and 4?
4
Let d(b) be the first derivative of b**2/2 + 5*b + 6. Let s be d(15). Calculate the highest common factor of s and 50.
10
Let j = -9 - -47. Suppose 5*s - j = c, 3*c + 136 = -2*s + 6*s. Le